91. Let j be s(-5). Let i = -1526 + 928. Let c = j - i. What is the remainder when c is divided by 26?
25
Let q be -9*2/6*(-73)/3. Suppose q = 23*y - 709. Calculate the remainder when 125 is divided by y.
23
Let h = -865 - -877. Let j = 21 + -17. Suppose j*n + 0*n = 428. Calculate the remainder when n is divided by h.
11
Suppose -t + 147 = n + 124, 2*n = -t + 14. Calculate the remainder when 10302 is divided by t.
30
Let s(k) = -k**2 + 115. Let l be (-24)/(-30)*15/(-2). Let q(n) = -n + 53. What is the remainder when s(0) is divided by q(l)?
56
Suppose 6*l - 16*l = -140. Suppose -37*m + l*m = -230. What is the remainder when 15 is divided by m?
5
Let y = 4 + 170. Suppose 5*t - 3*f = -0*f + 112, 4*f = -3*t + 73. What is the remainder when y is divided by t?
13
Let g be (-2 - 12/9)/((-10)/105). Let a = -2 + 7. Suppose z = -a*f + g + 8, f = z - 37. Calculate the remainder when 150 is divided by z.
36
Let v(w) = w**2 + 3*w + 1. Let s be v(-5). Suppose 39*x = -150 - 6. What is the remainder when (-250)/(-3) + x + s/3 is divided by 28?
27
Suppose -3463 = -11*n + 541. Calculate the remainder when 778 is divided by n.
50
Let w(s) = s**2 + 30*s - 39. Let d be w(-32). Suppose d*a + 138 = 31*a. Let b(c) = 2*c**3 - 6*c**2 + 3*c - 1. What is the remainder when b(4) is divided by a?
20
Let j(w) = w**3 + 5*w + 4. Let n be j(-2). Let t = -4 - -12. Let r = t - n. What is the remainder when 84 is divided by r?
18
Suppose 0*m + 4 = -4*m, 0 = -2*j - 2*m + 4. Let g = -10 + 10. Suppose g*f - 2*f = j*z - 21, 5*z = 5*f + 10. Calculate the remainder when 3 is divided by f.
0
Let z = 405 - 23. Suppose -2016 = -803*i + 659*i. Calculate the remainder when 4/(-14) - z/(-14) is divided by i.
13
Let z be 12/(7 + -3 + -6). Let x = z - -129. Calculate the remainder when x is divided by 56.
11
Let y be (-1 + 4)/(27/72). Suppose 26 = 2*g - 8. What is the remainder when g is divided by 4 + (-4)/(y/(-10)) + -2?
3
Let c(v) = 7*v - 103. Let z be c(18). Calculate the remainder when (24/96 + (-14)/(-8))*z is divided by 25.
21
Suppose 2*t + j = 28 + 2, -3*t - 3*j + 48 = 0. Let k = -32 - -34. Suppose 5*i - 65 = -8*o + 3*o, o - k*i = 7. Calculate the remainder when t is divided by o.
3
Suppose -5*s - h - 19 = 0, 0 = -s + 3*h - 0*h + 9. Let f be (2/6)/(s/(-1143)). Suppose -f + 2 = -5*j. What is the remainder when j is divided by 4?
1
Let t(c) = -c**2 - 66*c + 1260. What is the remainder when 462 is divided by t(-81)?
12
Let z be -1*(14/4)/((-6)/12). Let u = -14 + 75. What is the remainder when u is divided by z + 2/3 + (-5)/(-15)?
5
Let n = -1 + 38. Suppose 5*h - 7*l = -5*l + 32, 5*h - 33 = 3*l. Suppose -j + h*g = 2*g - 8, j = -5*g + 35. What is the remainder when n is divided by j?
17
Let a(t) be the first derivative of 22*t**3/3 + 4*t**2 + 15*t - 3. What is the remainder when a(-2) is divided by 26?
9
Let o = 46 + -44. Suppose 0 = -o*a + 3*d, 3*d = 4*d. Suppose a = 5*i + 3*z - 51, -7*i + 10*i - 51 = 5*z. What is the remainder when 105 is divided by i?
9
Suppose 5*i - 3*w - 36 - 4 = 0, -5*w - 50 = -5*i. Suppose 4*h - 22 = -5*d, d = i*h - 13 - 0. What is the remainder when 120/18 - (-1)/3 is divided by h?
1
Let t = -4696 + 4752. Calculate the remainder when 242 is divided by t.
18
Suppose 508 + 113 = 23*u. What is the remainder when (-8)/5*(-250)/4 is divided by u?
19
Suppose 3*t - 2011 = -766. Let h = t + -316. What is the remainder when h is divided by 10?
9
Let q = 550 + -542. Suppose 0 = -0*y - 4*y + 40. What is the remainder when q is divided by (12/y)/(2/5)?
2
Let s = 3627 + -3118. What is the remainder when s is divided by 50?
9
Let d(g) = -g**2 - 7*g + 27. Let a(o) = o**2 + 8*o + 7. Let f be a(-4). Suppose -2*c + 17 = -51. What is the remainder when c is divided by d(f)?
7
Let d(v) = 31*v - 2. Let z be d(2). Let q = -5 + z. Suppose 8*c - 25 = q. What is the remainder when 49 is divided by c?
9
Let n(x) be the third derivative of x**5/30 - 17*x**4/24 + 7*x**3/3 - 45*x**2. Calculate the remainder when n(13) is divided by 44.
43
Suppose 3*z = 3*b - 21, -2 = -4*z + 2. Suppose 3*f = b*f - 5060. What is the remainder when 112 is divided by (f/(-8))/(-11)*2?
20
Let i = -14212 + 15038. Calculate the remainder when i is divided by 69.
67
Let a be ((0 - -3) + -5)*314. Let i = a + 668. What is the remainder when 77 is divided by i?
37
Suppose -5*b - 42 = -3*p + 12, 2*p + 4*b - 58 = 0. Suppose -11*f + 197 = -265. What is the remainder when f + (18 + -9)/9 is divided by p?
20
Suppose 57 = 9*l - 10*l. Let o = l - -66. What is the remainder when 71 is divided by o?
8
Let u = -73 + 115. Suppose -5*m + 108 = p, -5*m - 4*p - 23 = -125. Suppose 89*v - m = 87*v. What is the remainder when u is divided by v?
9
Let r = -90 - -155. What is the remainder when r is divided by 34?
31
Let l(h) = 6*h - 72. Let n be l(-16). Let p = -75 - n. What is the remainder when p is divided by 24?
21
Let a be (-14)/(2/(-1)) - (-3 - -1). Let w be 3/a - 0 - (-7)/(-3). Calculate the remainder when 19 is divided by 8 + (2/4)/((-1)/w).
1
Suppose -n - 575 = 2*t - 1396, -2*t = -3*n + 2423. Calculate the remainder when n is divided by 91.
83
Let w = -4525 + 5514. Calculate the remainder when w is divided by 12.
5
Suppose -5*s - 212 = -r - 80, -566 = -4*r + s. Calculate the remainder when 683 is divided by r.
115
Suppose -54 - 144 = -2*l. Let o = l - 72. Suppose -4*s = -4*j - 604, -5*s + 737 = 4*j - o. What is the remainder when s is divided by 31?
28
Let t be -1*33*10*(-2)/(-4). Let u = t + 178. Calculate the remainder when u is divided by 6.
1
Suppose -181 = -21*p + 1414 + 673. Calculate the remainder when 247 is divided by p.
31
Suppose 3*h = 2*k - 1061, -4*h + 3*h = 4*k - 2087. Let q = k + -473. What is the remainder when 98 is divided by q?
48
Let v be 4/6 + (-2460)/18. Suppose 0 = b - 4, 313 = -w + 6*w - 3*b. Calculate the remainder when w is divided by (-3)/(420/v - -3).
31
Let p(m) = -183*m - 158. Let z be p(-5). Let t = z + -731. Calculate the remainder when 88 is divided by t.
10
Let q(m) = -38*m - 2653. Let v = 33 + -16. Calculate the remainder when q(-76) is divided by v.
14
Let o = 18463 + -18424. What is the remainder when o is divided by 34?
5
Let j(p) = -25*p + 337. What is the remainder when 1255 is divided by j(13)?
7
Let k = 75 - 41. Suppose -76 - 116 = -n - 132. What is the remainder when n is divided by k?
26
Suppose -d + 4 - 10 = 0. Let h be ((-74)/d)/(0 + 4/12). Suppose 3*p = z - h, p = 4*z - 4*p - 134. What is the remainder when 91 is divided by z?
29
Let x(f) = 3*f**3 - 8*f**2 + 7*f - 3. What is the remainder when 49 is divided by x(3)?
22
Let g = -45 - -150. Calculate the remainder when g is divided by (-30)/1785*-17 - (-3893)/119.
6
Let o(l) = -6*l + 22. Let c be o(3). What is the remainder when c/14 + (3 - 516/(-7)) is divided by 29?
19
Let h be (-1)/(-3*(-1)/33). Calculate the remainder when (h/4)/(-5 - (-1395)/280) is divided by 39.
37
Suppose -146*r = -148*r + 74. Suppose -2*x + 6 = -3*x. Let v(y) = -y**3 - y**2 + 5*y - 6. Calculate the remainder when v(x) is divided by r.
33
Let d(x) = 62*x**3 - 806*x**2 + 4*x + 12. What is the remainder when 935 is divided by d(13)?
39
Suppose -9*a + 6*a + 12 = 0. Let k be a - 57*(1 - 2). Let u = -53 + k. Calculate the remainder when 31 is divided by u.
7
Let s(l) = -1058*l - 6214. Let z(u) = 2*u**2 + 2*u - 4. What is the remainder when s(-6) is divided by z(-4)?
14
Suppose 12*i + 7*i - 1557 = -493. Calculate the remainder when 747 is divided by i.
19
Let x be 1*(7 + (-60)/6). Calculate the remainder when x + (-2 - (1 + -55)) is divided by 18.
13
Let r = 364 - 270. Suppose -3*j - j + 40 = 4*t, j = t. Let y = 21 - j. Calculate the remainder when r is divided by y.
14
Suppose 54 + 42 = 4*r. Let a = 2946 - 2758. What is the remainder when a is divided by r?
20
Suppose 0*v - 15*v + 150 = 0. Calculate the remainder when 253 is divided by v.
3
Suppose 0 = 3*p - 223 + 79. Let w = 49302 + -49277. Calculate the remainder when p is divided by w.
23
Let s = -1049 - -616. Let h = s - -465. What is the remainder when 154 is divided by h?
26
Let y(a) = a**3 - 3*a**2 - 3. Suppose -17*o + 777 = -430. Suppose 0 = -4*j + 25 + o. What is the remainder when j is divided by y(4)?
11
Suppose -4 = 4*h, 4*b + 3*h - 1 + 0 = 0. Suppose 0 = -5*u + 193 + 192. Calculate the remainder wh